64).
11
Let l(j) = -j**3 + 5*j**2 + 7*j - 2. Suppose -g + 25 = -4*i, 4*g - 16 = -3*i - 2*i. Calculate the remainder when l(5) is divided by g.
6
Let l(j) be the second derivative of j**4/6 + j**3/3 - j**2/2 - j. Suppose -8*d - 30 = 2. What is the remainder when l(d) is divided by 13?
10
Let k(m) = -7*m**2 - 20*m - 11. Calculate the remainder when 2/8 - 94/(-8) is divided by k(-2).
0
Let h(f) = -11 + 9 + 8*f**2 + 8*f - 4*f - 1. Calculate the remainder when h(2) is divided by 11.
4
Suppose 4*b = -4*j + 252, -b - b = -3*j + 174. Let t be -8 - -4 - -8 - -17. Suppose z - t = -0*z. What is the remainder when j is divided by z?
18
Suppose 8 + 7 = 3*r. Let f(j) = 2*j - 5. Suppose 6*h = 4*h - 2*m + 6, -h + 15 = -2*m. Calculate the remainder when h is divided by f(r).
2
What is the remainder when 269/3 + 26/78 is divided by 4?
2
Let g be (-2 + 0 + 2)/(-2). Let p be 7 - (-3 - g - -7). Suppose 3*o = p + 57. Calculate the remainder when 38 is divided by o.
18
Let w(v) = v**3 + 8*v**2 - 5*v - 6. Let k be -30*(-3 + (-2 - 11/(-2))). Calculate the remainder when w(-8) is divided by (13 + k)*14/(-4).
6
Suppose -2*p = 1 + 3. Let l(g) = g**2 + 18*g - 137. Calculate the remainder when l(6) is divided by 7 - (p - -5)/1.
3
Let d(s) = s**2 - 4*s + 2. Let r be d(4). Let t be (0/(-12))/(6/r). Calculate the remainder when 35 is divided by 9/(-3) - t - -15.
11
Let m(o) = o**2 + 5*o + 4. Let j be m(-5). Suppose -j*b = 4*b - 40. Calculate the remainder when 33 is divided by b.
3
Let n = -75 - -90. Calculate the remainder when n is divided by 11.
4
What is the remainder when ((-74)/(-8))/((-6)/(-48)) is divided by 15?
14
Let b = 355 + -295. Calculate the remainder when 1319 is divided by b.
59
Let m = 431 + 86. Calculate the remainder when m is divided by 20.
17
Let p = 306 + -177. Let j = p - 92. Calculate the remainder when 72 is divided by j.
35
Let f be 210/20*8/(-6). Let a = f + 17. Suppose 0 = -a*l + 28 + 8. What is the remainder when 45 is divided by l?
9
Suppose 0 = -0*r - r + 3*h + 336, 5*r - 1728 = 3*h. What is the remainder when r is divided by 14?
12
Let x(a) = 32*a**2 - a - 2. Let l = -20 - 68. Let t = 148 + l. Calculate the remainder when t is divided by x(-1).
29
Let j(o) = 9*o - 94. Calculate the remainder when 126 is divided by j(18).
58
Let n(z) = -6*z + 13. Let m(v) = -17*v + 7. What is the remainder when m(-3) is divided by n(-3)?
27
Let g = -237 + 58. Let y = -100 - g. Calculate the remainder when y is divided by 20.
19
Let i be -3 + (2 - (-2 - -2)) - 1. Calculate the remainder when (2*(-5)/20)/(i/24) is divided by -2*1*(-3)/2.
0
Suppose 5*d - 257 = -2*t, -6*t - 200 = -4*d - 9*t. Calculate the remainder when d is divided by 39.
14
What is the remainder when 136/17 - 2/2 is divided by 6?
1
Let g(l) = -2*l**2 + 18*l + 7. Suppose -4*x + 32 = -4. Let r be g(x). Suppose -12 = -r*v + 9. Calculate the remainder when 5 is divided by v.
2
Let u(n) = n**3 - 6*n**2 + 7*n - 4. Calculate the remainder when u(6) is divided by 22.
16
Suppose -1 = 3*g + 8*f - 3*f, 3*g + 2*f + 4 = 0. Let k = -1 - g. What is the remainder when k - -1 - (-42 - 4) is divided by 17?
14
Let r = -9 - -14. Suppose 0 = -2*a + 4*q + 40, a - r*a - 5*q + 15 = 0. Calculate the remainder when 68 is divided by a.
8
Let i = -47 - -138. Let h = -84 + i. What is the remainder when 33 is divided by h?
5
Let h = 32 + -42. What is the remainder when (-730)/(-6) - h/(-15) is divided by 25?
21
Suppose 0 = -3*y + 6 + 33. Let m = y - 0. Calculate the remainder when 50 is divided by m.
11
What is the remainder when 0 - 19/(95/(-420)) is divided by 21?
0
Let g = -35 - -35. Suppose 3*o = -g*o + 9, i + 3*o - 11 = 0. Calculate the remainder when 74 is divided by (1/(-2))/(i/(-76)).
17
Let r = 1638 - 1104. Calculate the remainder when r is divided by 90.
84
What is the remainder when (-5 + (-413)/21)/(2/(-3)) is divided by 15?
7
Let l(r) = r**2 + 4*r - 5. Let p be l(-5). Suppose p = -o - 5*g - 9, 0*o - 3 = o + 3*g. Calculate the remainder when 6 is divided by 0 + 0 + (o - 1).
1
Suppose -m + 4*m = -252. Let h = 152 + m. Calculate the remainder when h is divided by 18.
14
Calculate the remainder when (-1884)/18*(-60)/40 is divided by 32.
29
Let n = -5 + 12. Suppose 0 = 2*a - n*a. Suppose -63 = -2*q - c, -c + a*c = -3. What is the remainder when q is divided by 8?
6
Let a be (1/(-2))/(1/(-14)). What is the remainder when (9 + -75)*(-1)/3 is divided by (0 + -1)*-1 + a?
6
Let k be (-12)/(-8)*(-4)/(-6). Let d be (154/35)/(k/40). Suppose 4*p - d = -2*g + 6*g, -3*g = 9. Calculate the remainder when p is divided by 22.
19
Let l(w) = -4*w**2 - 7*w - 3. Let c be l(-3). Let t = c - -40. Suppose 4*q + 3*u = 153, 0*q + 4*u = 3*q - 146. Calculate the remainder when q is divided by t.
20
Let r = -1276 - -1393. Calculate the remainder when 227 is divided by r.
110
Calculate the remainder when 120 is divided by 115 - 0/((-24)/8).
5
Let w = -586 + 652. What is the remainder when 258 is divided by w?
60
Let n(f) = 3*f**2 + 62*f + 49. What is the remainder when 40 is divided by n(-20)?
4
Let t(v) = 75*v + 315. What is the remainder when 106 is divided by t(-4)?
1
Let i(g) = -65*g**3 + g**2 - 1. Let y(q) = q + 15. Let n be y(12). Let z = 61 - n. Calculate the remainder when i(-1) is divided by z.
31
Let m be (36/(-14))/(18/(-84)). Calculate the remainder when 452/m + 1/3 is divided by 20.
18
Suppose -20*z = -17*z - 5*q - 845, 0 = 8*z - 4*q - 2216. Calculate the remainder when z is divided by 23.
22
Let t(p) = 29*p. Let k = 9 - 8. Let q(g) = -83*g**3 + 2*g**2 + g. Calculate the remainder when q(-1) is divided by t(k).
26
Let b(u) = 2*u - 4. Let n be b(4). Suppose 52 + 0 = n*r. Calculate the remainder when r is divided by 5.
3
Suppose 4*r - 1112 = -5*k, -30*r + 5*k = -28*r - 586. What is the remainder when r is divided by 26?
23
Suppose 47*f - 148 = -3*q + 51*f, 3*q + 4*f - 164 = 0. Calculate the remainder when 59 is divided by q.
7
Let s(d) = d**3 + 9*d**2 + 16*d - 3. Calculate the remainder when 184 is divided by s(-5).
14
Suppose 0 + 4 = -4*f, 3*h - 110 = -4*f. Suppose h*j = 43*j - 35. Calculate the remainder when 328/18 + (-2)/9 is divided by j.
4
Suppose 0 = -5*k + k. Suppose 7*j - j - 204 = k. Calculate the remainder when j is divided by 63/(-6)*(-10)/15.
6
Suppose -3*a - 2*a = 0. Suppose 12*i - 15*i + 3 = a. Calculate the remainder when 31 is divided by i/(-5) + (-164)/(-20).
7
Let x(q) = -q + 9. Let p = 14 + -18. Suppose 3*a = -3*v + 111, -a + 2*v = -16 - 15. What is the remainder when a is divided by x(p)?
9
What is the remainder when 348 is divided by -1*34*-1 + (-54 - -59)?
36
Suppose -3*p + 2 + 4 = 0. Suppose -h = -m + 6, -m + h - 4 = -p*m. Suppose -115 = -m*y + 25. Calculate the remainder when y is divided by 10.
8
Let l(q) = q - 3. Suppose 4*j - 59 - 17 = 0. Suppose -21 = -4*s + j. What is the remainder when l(22) is divided by s?
9
Suppose 3*y + 192 = -4*z + 5*z, 0 = -3*z - 4*y + 589. What is the remainder when z is divided by 66?
63
Let b(u) = -6*u + 49. Let w(f) = -f**3 + 7*f**2 + 2*f + 3. What is the remainder when w(5) is divided by b(6)?
11
Let v(m) = m**2 - 7*m + 12. Let n be v(3). Suppose 29 = p + 3*a + 8, -2*a = -4*p + 28. Calculate the remainder when p is divided by (2/(-4) - n)*-10.
4
Suppose 3*g = -3*f + 72 - 15, -4 = -g + 4*f. What is the remainder when 218 is divided by g?
10
Let n(d) = -d**3 + 11*d**2 + 16*d - 16. What is the remainder when 95 is divided by n(12)?
31
Suppose 5*l + 2*k = 4*k + 637, 2*k - 252 = -2*l. Suppose 6*y = -2*y + 256. Calculate the remainder when l is divided by y.
31
Let i = 420 - 269. What is the remainder when i is divided by 32?
23
Let t = -16 - -19. Let s be (-3 - -24) + 0 + t. Suppose 0 = -4*x + 2*l + s, 4*l - 9 = -2*x + 3. What is the remainder when 10 is divided by x?
4
Let w = 97 + -207. Let u = -96 - w. Suppose c + 4*z = 45, -3*c + 6*z + 167 = 2*z. Calculate the remainder when c is divided by u.
11
Suppose 0 = -h + 5*h + x - 411, -2*h - 5*x = -201. Let c = h - 73. Calculate the remainder when 87 is divided by c.
27
Suppose 5*l - 7 + 25 = 2*z, -z - 4*l = -22. What is the remainder when 88 is divided by z?
4
Let r(p) = -p**3 + 8*p**2 - 4*p - 6. Let d = -5 + 9. Let q be 11 + (4 + -4 - d). What is the remainder when 42 is divided by r(q)?
12
Suppose 12*v = 10*v - 4*w + 718, -v 